on factor of 4017 and t.
39
Suppose 27*k - 28*k + 12 = 0. Suppose -a = 3*j - 2*j - 21, -2*j + a = -36. Let v = 31 - j. What is the highest common divisor of v and k?
12
Let q(l) = 22*l**3 + 2*l**2 - 37*l + 36. Let t be q(1). Calculate the highest common divisor of t and 368.
23
Let b be 374 - (16/((-192)/36) + -8). What is the highest common divisor of b and 1386?
77
Let z be -11*(22 - (-7824)/(-264)). What is the highest common divisor of 91 and z?
7
Let q = -13 + 35. Let j(m) = -12*m**3 - 82*m**2 - 25*m - 75. Let l be j(-7). Calculate the greatest common divisor of q and l.
22
Let v(c) = c**2 + 27*c + 1164. Let l be v(-115). Calculate the greatest common divisor of 52 and l.
52
Suppose -4506*c - 4*s + 6 = -4504*c, -4*s = -c + 33. Let o be 26/(2/(-4) + 1). Calculate the highest common factor of o and c.
13
Let g be ((-566)/(-40) - 2/(-8))*-5. Suppose -2*j + 2 = 3*a, -3*a + j - 1 = a. Let v be (1*(-1 - a))/(9/g). Calculate the greatest common factor of 16 and v.
8
Let h be 6/4*(-92)/(-3). Suppose -625 = 3*w + 785. Let m = -148 - w. What is the greatest common divisor of h and m?
46
Suppose -2*u - 3*u = 5*k - 60, u - 5 = 0. Suppose 4*f - 9*f + 5 = 5*b, 0 = 3*b - 6. Let a be (-2 + f)/((-1)/k). What is the greatest common factor of 3 and a?
3
Let i(v) = 7*v + 67. Let t be i(-11). Let g be t/4*116/(-10). Suppose -5*k + 165 = 20. Calculate the highest common factor of k and g.
29
Let g be (-3)/3 + 26/2. Let z(f) = -f**2 + 20*f - 29. Let d be z(g). Suppose -q = -166 + d. What is the greatest common factor of q and 11?
11
Let j(u) = -u + 47. Let o be j(0). Suppose 4*f + 374 = -2*c + 1228, 2119 = 5*c + 2*f. What is the greatest common factor of c and o?
47
Let u(r) be the third derivative of r**6/120 + r**5/10 - r**4/8 + 10*r**3/3 - 7*r**2 - 13. Let t be u(5). Calculate the highest common factor of t and 120.
40
Suppose -6*o + 43*o = -111. Let f(h) = -240*h + 63. Let g be f(o). Calculate the highest common divisor of g and 27.
27
Let u = 888 + -891. Let i(p) = 3*p**2 - 11*p - 30. Let g be i(u). Calculate the highest common divisor of 120 and g.
30
Suppose 2*x = 2*m + 2*m - 130, 4*m - 115 = -x. Suppose w - 4*k - 18 = 8, -5*w = 5*k - m. Calculate the greatest common divisor of 70 and w.
10
Let z be 51*6/(216/420). What is the greatest common divisor of 105 and z?
35
Suppose -4*z - w + 30 = w, 4*w = -5*z + 36. Suppose 3*n = z*n. Let g(m) = -m**2 + 2*m + 16. Let i be g(n). What is the highest common factor of i and 40?
8
Let b be 11547/8 - (21 - (-4125)/(-200)). What is the greatest common divisor of b and 39?
39
Suppose 13 = -n + 5*l, -4*n = 3*l - 25 - 15. Suppose n*c = -4087 + 11556. Calculate the highest common divisor of 11 and c.
11
Let o = 382 - 367. Suppose 0 = -o*g + 23*g - 3864. Calculate the greatest common factor of 138 and g.
69
Let n = -624 + 672. What is the greatest common factor of n and 654?
6
Suppose -24686*d = -24767*d + 162. Let r be 5 - (-1 + -1 - -4). What is the greatest common divisor of d and r?
1
Let w(r) = 27*r**2 - 12*r + 1. Let z be w(5). Suppose z = -4*t + 700. Calculate the highest common factor of 168 and t.
21
Let p be 4 - 715/(-15) - 2/(-6). Suppose -4*q = -2*g - 0*q + 40, 2*q - p = -2*g. Suppose -76 = -c - g. Calculate the greatest common factor of 130 and c.
26
Suppose -4*k - 19195 = -5*c, 1819 = c + 5*k - 2049. Calculate the greatest common divisor of 63 and c.
63
Suppose 185 = -9*p + 1753 + 160. Calculate the greatest common factor of p and 504.
24
Let g = 2794 - 2783. Calculate the highest common factor of 1639 and g.
11
Let o(f) be the second derivative of f**5/20 + 23*f**4/12 + 29*f**3/3 - 15*f**2 + 2*f + 107. Let k be o(-20). What is the highest common factor of 45 and k?
5
Suppose -3*l - 6 = -3. Let p be (-4)/l*-2 + (-1 - -4). Let u be p/(25/(-60)) + 3. Calculate the highest common divisor of u and 35.
5
Suppose -3081*h = -6160*h + 3103*h - 12432. What is the highest common divisor of 1850 and h?
74
Let n be -2*((-60)/16 + 4)*134. Let i = 55 + n. Let w be (3/((-9)/20))/(i/18). What is the greatest common divisor of w and 30?
10
Suppose 0 = -4*i + 9 - 1. Let m be 129/6 + i/4. Let v(j) = -j**3 + 36*j**2 + 195*j - 48. Let r be v(-5). What is the greatest common factor of m and r?
2
Let h = 3578 - 1470. What is the greatest common factor of 476 and h?
68
Suppose 6919 = 8250*z - 8233*z. Calculate the highest common factor of z and 33.
11
Let j(y) be the second derivative of 0 + 13*y - 1/6*y**3 + 11/2*y**2. Let n be j(5). Calculate the greatest common divisor of 6 and n.
6
Suppose -4*b - 37832 = -5272. Let j be 4/14 + b/(-28). Suppose 0 = 5*p - 3*r - j, -p = -2*r + r - 59. What is the highest common divisor of 38 and p?
19
Let d be (-550)/143 + (-2)/13. Let b(o) = -30*o**2 - 6*o + 2. Let l be b(d). Let y be -1 - (l - -1) - 4. Calculate the greatest common factor of y and 56.
56
Let i be 5/(-20) + -11 + 3933/36. Let w(h) = 12*h + 1. Let u be w(4). What is the highest common divisor of u and i?
49
Let g(b) = 2*b**3 - 33*b**2 + 4*b + 194. Let f be g(16). Calculate the highest common factor of 578 and f.
2
Suppose -6*p + 92 - 8 = 0. What is the greatest common divisor of 2954 and p?
14
Let p(i) = 60*i**2 + 29*i - 28. Let f be p(1). Calculate the greatest common factor of 17 and f.
1
Suppose -8*m = -3 - 45. Suppose -158 - 850 = -m*b. Calculate the highest common factor of 24 and b.
24
Let p(h) = 49*h + 80 + 69*h + 71*h - 170*h. Let l be p(0). Calculate the highest common factor of 32 and l.
16
Let h = -59 - -29. Let x(d) = -2*d**2 + 57*d - 77. Let v be x(27). Let q be 276/45 + v/h. What is the highest common factor of q and 30?
6
Let m be ((-65)/52)/((-3 + 8)/(-40)). Let l = 309 + -274. What is the greatest common factor of m and l?
5
Let n(u) = -2*u + 55. Let z be 952/35 - (-2)/(-10). Let q be n(z). Let s be q*((-8)/6)/((-2)/6). What is the greatest common divisor of s and 44?
4
Suppose -2*j = 99 - 251. Suppose -23 = -b - 4*a, 3*b + 18 - 72 = 3*a. Calculate the highest common divisor of j and b.
19
Let u(r) = -7*r**2 + 86*r + 238. Let z be u(14). Calculate the greatest common factor of 7455 and z.
35
Let j(p) = 3*p**2 + 22*p - 6. Let t be j(-8). Suppose -2 = -4*k + t. Suppose 3*w + 0*w = 99. What is the highest common divisor of w and k?
3
Suppose -4*h - 11 = -51. Let l be ((0 - -10)*-1)/(-2). Let m be 0 - (-552)/l - 56/140. Calculate the greatest common divisor of m and h.
10
Suppose 132 = g - 5*g - 4*o, o = 3*g + 107. Let k = -22 + g. Let w be -1 - (3/12 - k/(-4)). Calculate the highest common factor of w and 104.
13
Suppose -2*y + 354 = -50. Let r = y - 194. Calculate the greatest common divisor of r and 32.
8
Let b = 91 + -14. Let y = 84 - b. Suppose 0 = -3*m - 5*p + 15, 2*m + 5*p = y*m - 25. What is the highest common factor of 20 and m?
5
Suppose 0 = -4*u + 11*j - 7*j + 120, 5*u + 3*j = 166. Suppose c + 596 = 3*o, -u*c - 604 = -3*o - 27*c. Calculate the greatest common factor of 22 and o.
22
Let f(y) = -y**2 - 5*y + 39. Let v be f(4). Suppose -9*l - 2*s = -5*l - 198, v*s + 9 = 0. What is the greatest common factor of l and 34?
17
Suppose 3*k = k + 20. Suppose -4*h + 0*s + 52 = -3*s, -4*h = 3*s - 76. What is the highest common factor of h and k?
2
Let h be (-2064)/66*-30 + (-1)/((-33)/(-6)). Calculate the greatest common divisor of 1072 and h.
134
Suppose 5*g - 1501 + 436 = -5*p, 6*p = 5*g + 1311. Calculate the greatest common factor of 816 and p.
24
Let g be (-392)/(-12) - ((-171)/27 + 6). Calculate the highest common factor of 253 and g.
11
Let p = -27 + 27. Suppose 2*z = -2*u + 44, z + p = 3. Suppose 5*l - 3*l - 342 = 0. What is the greatest common divisor of u and l?
19
Let z be 992186/310 + (1 - 12/10)*-2. Calculate the highest common divisor of 33 and z.
33
Suppose 0 = 13*a - 8*a - 50. Suppose -2*q + 7 = -5*x, -4*q - 3*x = -x - 50. Suppose -q*k = -15*k + 8. Calculate the greatest common divisor of k and a.
2
Let q be (-200)/(-900)*(-18 + 0)*-1. Suppose 4 = -b, -q*c - b + 292 = 2*b. Calculate the greatest common factor of c and 1064.
76
Let n(r) = r**2 + 11*r - 51. Let j be n(-21). Let l = j + -133. Let w = 718 - 484. What is the greatest common factor of w and l?
26
Let g(o) = -3*o - 30. Let d be g(-10). Let i(q) = -15*q - 2*q + d*q - q**2 + 45. Let s be i(-19). Calculate the greatest common factor of s and